t of 133780?
3
What is the millions digit of 3622762?
3
What is the millions digit of 2172797?
2
What is the ten millions digit of 10713509?
1
What is the millions digit of 19950482?
9
What is the thousands digit of 141321?
1
What is the units digit of 444276?
6
What is the hundred thousands digit of 1040948?
0
What is the units digit of 14806279?
9
What is the ten thousands digit of 4232806?
3
What is the thousands digit of 707585?
7
What is the hundreds digit of 23399?
3
What is the hundreds digit of 374295?
2
What is the ten thousands digit of 729634?
2
What is the ten thousands digit of 5354900?
5
What is the thousands digit of 883323?
3
What is the thousands digit of 1470105?
0
What is the hundred thousands digit of 417857?
4
What is the millions digit of 3976421?
3
What is the thousands digit of 719316?
9
What is the thousands digit of 1837524?
7
What is the ten thousands digit of 933870?
3
What is the units digit of 119289?
9
What is the ten thousands digit of 849093?
4
What is the thousands digit of 2942430?
2
What is the hundred thousands digit of 348986?
3
What is the millions digit of 32393373?
2
What is the hundreds digit of 2670732?
7
What is the ten thousands digit of 23656?
2
What is the units digit of 4756691?
1
What is the thousands digit of 9281?
9
What is the thousands digit of 4804717?
4
What is the hundreds digit of 8854183?
1
What is the units digit of 521041?
1
What is the hundreds digit of 696395?
3
What is the units digit of 154935?
5
What is the millions digit of 24969378?
4
What is the units digit of 4594479?
9
What is the hundred thousands digit of 7821491?
8
What is the ten thousands digit of 839932?
3
What is the ten thousands digit of 1365053?
6
What is the hundred thousands digit of 2203849?
2
What is the hundred thousands digit of 1684822?
6
What is the hundreds digit of 894077?
0
What is the hundred thousands digit of 1579866?
5
What is the thousands digit of 77318?
7
What is the millions digit of 8285777?
8
What is the units digit of 20110694?
4
What is the units digit of 35415?
5
What is the thousands digit of 296187?
6
What is the thousands digit of 1794572?
4
What is the tens digit of 38197?
9
What is the hundreds digit of 408504?
5
What is the thousands digit of 8195604?
5
What is the units digit of 1060368?
8
What is the ten thousands digit of 461714?
6
What is the hundred thousands digit of 200697?
2
What is the units digit of 13376730?
0
What is the tens digit of 3096179?
7
What is the tens digit of 1965100?
0
What is the millions digit of 1635925?
1
What is the ten millions digit of 11213366?
1
What is the ten thousands digit of 598659?
9
What is the thousands digit of 508187?
8
What is the ten thousands digit of 350141?
5
What is the units digit of 7295296?
6
What is the thousands digit of 447047?
7
What is the ten thousands digit of 100554?
0
What is the hundreds digit of 17696216?
2
What is the millions digit of 3448288?
3
What is the tens digit of 440296?
9
What is the thousands digit of 981513?
1
What is the millions digit of 7655703?
7
What is the thousands digit of 26821923?
1
What is the tens digit of 11374280?
8
What is the units digit of 835902?
2
What is the hundreds digit of 2938549?
5
What is the hundreds digit of 869082?
0
What is the tens digit of 598088?
8
What is the tens digit of 754036?
3
What is the ten thousands digit of 436045?
3
What is the thousands digit of 23329395?
9
What is the hundreds digit of 763487?
4
What is the units digit of 2277709?
9
What is the units digit of 285746?
6
What is the hundreds digit of 49371?
3
What is the hundreds digit of 774750?
7
What is the hundreds digit of 2024519?
5
What is the units digit of 7930643?
3
What is the hundred thousands digit of 10891521?
8
What is the hundreds digit of 959839?
8
What is the ten thousands digit of 1277793?
7
What is the hundred thousands digit of 121547?
1
What is the hundred thousands digit of 147003?
1
What is the tens digit of 573414?
1
What is the hundreds digit of 89212?
2
What is the ten thousands digit of 4015873?
1
What is the thousands digit of 276357?
6
What is the tens digit of 391021?
2
What is the thousands digit of 11180972?
0
What is the thousands digit of 3352127?
2
What is the units digit of 99407?
7
What is the ten millions digit of 13455021?
1
What is the hundred thousands digit of 937204?
9
What is the units digit of 528435?
5
What is the ten thousands digit of 434407?
3
What is the hundred thousands digit of 508001?
5
What is the millions digit of 2976872?
2
What is the thousands digit of 31874439?
4
What is the units digit of 19158?
8
What is the millions digit of 8112319?
8
What is the units digit of 8839144?
4
What is the thousands digit of 8303377?
3
What is the hundreds digit of 5647570?
5
What is the thousands digit of 13334883?
4
What is the tens digit of 301410?
1
What is the hundreds digit of 206073?
0
What is the thousands digit of 1523406?
3
What is the tens digit of 154625?
2
What is the hundred thousands digit of 6437966?
4
What is the hundreds digit of 17396165?
1
What is the millions digit of 1410787?
1
What is the tens digit of 1055756?
5
What is the tens digit of 83601?
0
What is the hundred thousands digit of 367622?
3
What is the hundred thousands digit of 2897479?
8
What is the hundreds digit of 4723920?
9
What is the tens digit of 770143?
4
What is the hundred thousands digit of 5944692?
9
What is the ten thousands digit of 280484?
8
What is the units digit of 89413?
3
What is the millions digit of 2137971?
2
What is the thousands digit of 1909633?
9
What is the ten thousands digit of 425346?
2
What is the hundreds digit of 2880580?
5
What is the thousands digit of 211279?
1
What is the hundred thousands digit of 529408?
5
What is the hundred thousands digit of 290905?
2
What is the hundred thousands digit of 526181?
5
What is the tens digit of 1025504?
0
What is the ten thousands digit of 1034067?
3
What is the units digit of 1155157?
7
What is the hundred thousands digit of 329095?
3
What is the hundred thousands digit of 2068022?
0
What is the hundred thousands digit of 4593092?
5
What is the ten thousands digit of 1534882?
3
What is the ten thousands digit of 11275764?
7
What is the units digit of 171154?
4
What is the ten thousands digit of 138955?
3
What is the hundreds digit of 12050908?
9
What is the ten thousands digit of 2671737?
7
What is the hundred thousands digit of 549636?
5
What is the units digit of 1373072?
2
What is the ten thousands digit of 4315569?
1
What is the thousands digit of 53871?
3
What is the hundreds digit of 896608?
6
What is the tens digit of 446942?
4
What is the ten thousands digit of 63705?
6
What is the hundreds digit of 1853562?
5
What is the hundred thousands digit of 1417112?
4
What is the thousands digit of 5200777?
0
What is the units digit of 2243331?
1
What is the hundreds digit of 1004019?
0
What is the hundred thousands digit of 32514248?
5
What is the hundreds digit of 316274?
2
What is the tens digit of 654813?
1
What is the ten thousands digit of 1512103?
1
What is the millions digit of 2048104?
2
What is the thousands digit of 233826?
3
What is the thousands digit of 11346381?
6
What is the thousands digit of 1021079?
1
What is the hundred thousands digit of 387735?
3
What is the units digit of 857779?
9
What is the tens digit of 4845547?
4
What is the thousands digit of 2966433?
6
What is the hundred thousands digit of 178859?
1
What is the ten thousands digit of 352560?
5
What is the hundred thousands digit of 179475?
1
What is the thousands digit of 62749?
2
What is the thousands digit of 1129251?
9
What is the ten thousands digit of 7606379?
0
What is the ten thousands digit of 3153808?
5
What is the thousands digit of 1517701?
7
What is the ten thousands digit of 171544?
7
What is the units digit of 1579325?
5
What is the ten thousands digit of 5377870?
7
What is the hundreds digit of 75100?
1
What is the hundred thousands digit of 27583956?
5
What is the hundreds digit of 733633?
6
What is the thousands digit of 3598701?
8
What is the hundreds digit of 392378?
3
What is the units digit of 564325?
5
What is the units digit of 41178?
8
What is the hundreds digit of 287213?
2
What is the hundred thousands digit of 